{"id":220,"date":"2021-11-28T21:07:14","date_gmt":"2021-11-28T21:07:14","guid":{"rendered":"http:\/\/svsempach.ch\/?page_id=220"},"modified":"2023-09-13T21:08:33","modified_gmt":"2023-09-13T21:08:33","slug":"berichte","status":"publish","type":"page","link":"https:\/\/svsempach.ch\/?page_id=220","title":{"rendered":"Berichte"},"content":{"rendered":"\n<div class=\"wp-block-query alignfull is-layout-flow wp-block-query-is-layout-flow\">\n<div class=\"wp-block-group alignfull\" style=\"padding-top:var(--wp--preset--spacing--40);padding-right:var(--wp--preset--spacing--40);padding-bottom:var(--wp--preset--spacing--40);padding-left:var(--wp--preset--spacing--40)\"><div class=\"wp-block-group__inner-container is-layout-flow wp-block-group-is-layout-flow\"><ul style=\"text-transform:none;\" class=\"wp-block-post-template is-layout-flow wp-block-post-template-is-layout-flow\"><li class=\"wp-block-post post-1827 post type-post status-publish format-standard hentry category-berichte\">\n\n<div class=\"wp-block-group is-content-justification-left\"><div class=\"wp-block-group__inner-container is-layout-constrained wp-container-core-group-is-layout-b4bdc4c8 wp-block-group-is-layout-constrained\">\n<div class=\"wp-block-group is-vertical is-layout-flex wp-container-core-group-is-layout-438e4d21 wp-block-group-is-layout-flex\" style=\"padding-bottom:var(--wp--preset--spacing--80)\"><div style=\"font-size:0.9rem;letter-spacing:1px; margin-top:0;margin-right:0;margin-bottom:0;margin-left:0;\" class=\"has-text-align-left has-link-color wp-elements-5599b62b56904c5408ce764ba1a18b73 wp-block-post-date has-text-color has-contrast-color\"><time datetime=\"2026-03-18T12:46:00+00:00\">3\/18\/2026<\/time><\/div>\n\n\n<div class=\"wp-block-group\" style=\"margin-top:0;margin-bottom:0\"><div class=\"wp-block-group__inner-container is-layout-constrained wp-block-group-is-layout-constrained\"><h3 style=\"font-size:4.6rem;font-style:normal;font-weight:600;line-height:1;\" class=\"has-link-color wp-elements-571b1884d0d214c62b15aea4145c2b75 wp-block-post-title has-text-color has-contrast-color\"><a href=\"https:\/\/svsempach.ch\/?p=1827\" target=\"_self\" >SV Sempach beim Winterplausch 26<\/a><\/h3>\n\n<div style=\"line-height:1.7;\" class=\"wp-block-post-excerpt has-small-font-size\"><p class=\"wp-block-post-excerpt__excerpt\">Mit der Hoffnung auf Sonnenschein pur starteten die fitten und wanderbegeisterten Frauen des Sportvereins Sempach am Samstag 28.2.26 in ihren Winterplausch 2026. Ziel war das Breitenfeld oberhalb von Lungern sowie das h\u00f6her gelegene Sch\u00f6nb\u00fcel \u2013 zwei Orte, die Wanderherzen h\u00f6herschlagen lassen. Eine stattliche Gruppe von Wanderfrauen liess sich mit der Turrenbahn hinauf nach Turren (1532 &hellip; \u201eSV Sempach beim Winterplausch 26\u201c weiterlesen <\/p><\/div><\/div><\/div>\n<\/div>\n<\/div><\/div>\n\n<\/li><li class=\"wp-block-post post-1732 post type-post status-publish format-standard hentry category-berichte\">\n\n<div class=\"wp-block-group is-content-justification-left\"><div class=\"wp-block-group__inner-container is-layout-constrained wp-container-core-group-is-layout-b4bdc4c8 wp-block-group-is-layout-constrained\">\n<div class=\"wp-block-group is-vertical is-layout-flex wp-container-core-group-is-layout-438e4d21 wp-block-group-is-layout-flex\" style=\"padding-bottom:var(--wp--preset--spacing--80)\"><div style=\"font-size:0.9rem;letter-spacing:1px; margin-top:0;margin-right:0;margin-bottom:0;margin-left:0;\" class=\"has-text-align-left has-link-color wp-elements-5599b62b56904c5408ce764ba1a18b73 wp-block-post-date has-text-color has-contrast-color\"><time datetime=\"2025-12-22T08:00:24+00:00\">12\/22\/2025<\/time><\/div>\n\n\n<div class=\"wp-block-group\" style=\"margin-top:0;margin-bottom:0\"><div class=\"wp-block-group__inner-container is-layout-constrained wp-block-group-is-layout-constrained\"><h3 style=\"font-size:4.6rem;font-style:normal;font-weight:600;line-height:1;\" class=\"has-link-color wp-elements-571b1884d0d214c62b15aea4145c2b75 wp-block-post-title has-text-color has-contrast-color\"><a href=\"https:\/\/svsempach.ch\/?p=1732\" target=\"_self\" >Der Sportverein Sempach lud zur GV ein.<\/a><\/h3>\n\n<div style=\"line-height:1.7;\" class=\"wp-block-post-excerpt has-small-font-size\"><p class=\"wp-block-post-excerpt__excerpt\">Im n\u00e4chsten Jahr geht\u2019s an das Sportfest in Sarnen Die Pr\u00e4sidentin des Sportvereins, Ir\u00e8ne Felder konnte zahlreiche Mitglieder aus den Sparten Fit-Gym, Fit-Stretch und Fit-Fun, sowie Technische Leiterinnen der verschiedenen Sparten und Ehrenmitglieder an der Generalversammlung vom 28.11.25 willkommen heissen. Der Vertreter der Sportunion Zentralschweiz, Albert Gisler \u00fcberbrachte die Grussbotschaft des Zentralvorstandes und gratulierte dem &hellip; \u201eDer Sportverein Sempach lud zur GV ein.\u201c weiterlesen <\/p><\/div><\/div><\/div>\n<\/div>\n<\/div><\/div>\n\n<\/li><li class=\"wp-block-post post-1654 post type-post status-publish format-standard hentry category-berichte\">\n\n<div class=\"wp-block-group is-content-justification-left\"><div class=\"wp-block-group__inner-container is-layout-constrained wp-container-core-group-is-layout-b4bdc4c8 wp-block-group-is-layout-constrained\">\n<div class=\"wp-block-group is-vertical is-layout-flex wp-container-core-group-is-layout-438e4d21 wp-block-group-is-layout-flex\" style=\"padding-bottom:var(--wp--preset--spacing--80)\"><div style=\"font-size:0.9rem;letter-spacing:1px; margin-top:0;margin-right:0;margin-bottom:0;margin-left:0;\" class=\"has-text-align-left has-link-color wp-elements-5599b62b56904c5408ce764ba1a18b73 wp-block-post-date has-text-color has-contrast-color\"><time datetime=\"2025-09-19T09:40:38+00:00\">9\/19\/2025<\/time><\/div>\n\n\n<div class=\"wp-block-group\" style=\"margin-top:0;margin-bottom:0\"><div class=\"wp-block-group__inner-container is-layout-constrained wp-block-group-is-layout-constrained\"><h3 style=\"font-size:4.6rem;font-style:normal;font-weight:600;line-height:1;\" class=\"has-link-color wp-elements-571b1884d0d214c62b15aea4145c2b75 wp-block-post-title has-text-color has-contrast-color\"><a href=\"https:\/\/svsempach.ch\/?p=1654\" target=\"_self\" >Sie liessen die Seele &#8222;la bambele&#8220;<\/a><\/h3>\n\n<div style=\"line-height:1.7;\" class=\"wp-block-post-excerpt has-small-font-size\"><p class=\"wp-block-post-excerpt__excerpt\">Vereinsausflug vom 13. und 14. September ins Glarnerland Fr\u00fchmorgens machten sich 16 gutgelaunte Frauen vom Sportverein Sempach gespannt auf die Vereinsreise. Zum ersten Mal in der Geschichte des Sportvereins f\u00fchrte diese ins Glarnerland. Anf\u00e4nglicher Nebel im Unterland klarte je n\u00e4her dem Zigerschlitz auf, und machte die Sicht auf eine imposante Bergwelt frei. Ein Billett Intermezzo &hellip; \u201eSie liessen die Seele &#8222;la bambele&#8220;\u201c weiterlesen <\/p><\/div><\/div><\/div>\n<\/div>\n<\/div><\/div>\n\n<\/li><\/ul><\/div><\/div>\n\n\n\n<div class=\"wp-block-group is-content-justification-left\" style=\"margin-top:0;margin-bottom:0;padding-top:0;padding-right:var(--wp--preset--spacing--40);padding-bottom:var(--wp--preset--spacing--40);padding-left:var(--wp--preset--spacing--40)\"><div class=\"wp-block-group__inner-container is-layout-constrained wp-container-core-group-is-layout-4f3b647b wp-block-group-is-layout-constrained\"><nav class=\"wp-block-query-pagination is-content-justification-left is-nowrap is-layout-flex wp-container-core-query-pagination-is-layout-f56a869c wp-block-query-pagination-is-layout-flex\" aria-label=\"Seitennummerierung\">\n\n\n<a href=\"\/index.php?rest_route=%2Fwp%2Fv2%2Fpages%2F220&#038;query-31-page=2\" style=\"font-size:0.9rem;text-transform:uppercase;letter-spacing:1px;\" class=\"wp-elements-165a8aa96a7546446f11c5f70728c230 wp-block-query-pagination-next\">N\u00e4chste Seite<\/a>\n<\/nav><\/div><\/div>\n<\/div>\n","protected":false},"excerpt":{"rendered":"","protected":false},"author":1,"featured_media":0,"parent":217,"menu_order":0,"comment_status":"closed","ping_status":"closed","template":"","meta":{"ngg_post_thumbnail":0,"footnotes":""},"class_list":["post-220","page","type-page","status-publish","hentry"],"_links":{"self":[{"href":"https:\/\/svsempach.ch\/index.php?rest_route=\/wp\/v2\/pages\/220","targetHints":{"allow":["GET"]}}],"collection":[{"href":"https:\/\/svsempach.ch\/index.php?rest_route=\/wp\/v2\/pages"}],"about":[{"href":"https:\/\/svsempach.ch\/index.php?rest_route=\/wp\/v2\/types\/page"}],"author":[{"embeddable":true,"href":"https:\/\/svsempach.ch\/index.php?rest_route=\/wp\/v2\/users\/1"}],"replies":[{"embeddable":true,"href":"https:\/\/svsempach.ch\/index.php?rest_route=%2Fwp%2Fv2%2Fcomments&post=220"}],"version-history":[{"count":16,"href":"https:\/\/svsempach.ch\/index.php?rest_route=\/wp\/v2\/pages\/220\/revisions"}],"predecessor-version":[{"id":1075,"href":"https:\/\/svsempach.ch\/index.php?rest_route=\/wp\/v2\/pages\/220\/revisions\/1075"}],"up":[{"embeddable":true,"href":"https:\/\/svsempach.ch\/index.php?rest_route=\/wp\/v2\/pages\/217"}],"wp:attachment":[{"href":"https:\/\/svsempach.ch\/index.php?rest_route=%2Fwp%2Fv2%2Fmedia&parent=220"}],"curies":[{"name":"wp","href":"https:\/\/api.w.org\/{rel}","templated":true}]}}